 30 = 0. Let p = -4 - l. Let w be (192/36)/(4/6). What is the greatest common divisor of w and p?
2
Let u be (-10)/(-1)*14/5 + -5. Calculate the highest common factor of u and 184.
23
Suppose -7*j - 139 + 412 = 0. Let r = 75 - j. What is the greatest common divisor of r and 90?
18
Suppose 4*m - 65 - 79 = 0. Suppose 58 = 4*b + 2*i - 24, 3*i + 57 = 4*b. Suppose -n + 108 = b. What is the greatest common factor of n and m?
18
Let q(u) = 78*u + 480. Let t be q(59). Calculate the highest common factor of t and 42.
42
Let f = -143 - -175. What is the highest common divisor of f and 256?
32
Let g be (1062/(-12))/(-1)*8/6. Suppose -5*y + 718 = g. What is the greatest common factor of 30 and y?
30
Let q be 128560/360 + (-2)/18. Calculate the greatest common divisor of 51 and q.
51
Let a(g) = -4*g**2 + 76*g + 8. Let h be a(16). What is the greatest common divisor of 56 and h?
8
Let o = -272 - -310. What is the greatest common factor of 342 and o?
38
Suppose -100 = 8*s - 604. Let m(v) = -3*v + 6. Let o be m(-5). Calculate the highest common factor of s and o.
21
Suppose -4*h - 56*l + 54*l + 1934 = 0, -2*l - 1468 = -3*h. What is the highest common factor of h and 18?
18
Suppose 0 = -3*w + 1 - 10. Let p be 12/2*(-4)/w. Suppose -2*h = -4*d + 50, -3*h + 38 + p = 5*d. What is the greatest common factor of 1 and d?
1
Suppose -2*m + 184 + 171 = 3*t, -3*t + 5*m = -320. Calculate the highest common divisor of 253 and t.
23
Let s(z) be the first derivative of -z**3/3 + 6*z**2 + 4*z - 9. Let p be s(9). What is the highest common factor of 62 and p?
31
Let m(z) = 3*z + 0 + 1 + 9*z. Let l be m(1). Let n = -3925 + 3938. What is the highest common factor of n and l?
13
Let i be (-285)/(-6)*16/(-10). Let l = 106 + i. What is the highest common factor of l and 3?
3
Let n = 478 + -325. What is the highest common divisor of 18 and n?
9
Let l be 82/4*(-14 + 16). Let s = -16 + 11. Let t = s + l. What is the greatest common divisor of 24 and t?
12
Let p = -8 - -7. Let j be 1 + p/2*0. Let q(o) = o**2 - 9*o + 11. Let y be q(8). What is the greatest common divisor of j and y?
1
Let m = -16 - -44. Suppose j - m - 2 = 0. What is the greatest common factor of j and 12?
6
Suppose t + 12 = w, 3*w + 2*t - 36 = -0*w. Suppose -v + 13 = 5. Let d be (16/w)/(v/132). Calculate the highest common divisor of d and 11.
11
Suppose 6*f + 1210 - 5110 = 0. Suppose 3*o - f = 4*n, 3 + 2 = -n. Calculate the greatest common factor of 21 and o.
21
Suppose -5*z - 2*i = i - 708, -284 = -2*z - i. Suppose -2*u + z = 7*u. What is the greatest common factor of 4 and u?
4
Suppose 53 = 7*o - 269. What is the highest common divisor of 1 and o?
1
Let i = -312 + 348. Calculate the greatest common factor of i and 9.
9
Suppose 84 = 10*v - 66. Calculate the greatest common divisor of v and 165.
15
Suppose -4*t - 71 = 25. Let s be 42/(-8)*128/t. What is the highest common factor of 70 and s?
14
Let w be 8/(-2) - (-12 - -2). Suppose -16 = -2*f + t + 16, -f - 5*t - w = 0. Calculate the greatest common divisor of f and 98.
14
Suppose 0*u - 116 = -2*u. Let b = 72 - u. Calculate the greatest common factor of b and 63.
7
Let i(c) = 5*c - 95. Let z(h) = -2. Let a(g) = 2*i(g) - 70*z(g). Let l be a(17). Calculate the highest common factor of l and 24.
24
Let i be 83 - 5 - (-4 - 0). Let s = i + -26. Calculate the highest common factor of s and 14.
14
Suppose 5*c = -3*i + 20, -2 - 1 = 2*c - i. Let h be 4 - (-11 - 0)*c. What is the highest common factor of 30 and h?
15
Suppose -43 = -3*u - p, -3*p + 11 = -1. Suppose 0 = 2*x - 2*n + 19 + 3, -2*x - n - u = 0. Let s = 16 + x. Calculate the greatest common divisor of 56 and s.
8
Let r = 27 + -23. Suppose -r*a - 138 = -7*a. What is the highest common factor of 69 and a?
23
Let f be 2/3*42/7. Suppose 3*o = -f*k + 149, 4*k - 57 = -o + 94. Calculate the highest common factor of k and 95.
19
Suppose -3*y - 4*w + 166 = 0, 50*y - 2*w = 48*y + 92. What is the greatest common divisor of 310 and y?
10
Let v(p) = -1 + 6*p**2 - 3*p**2 - 1 + 2*p. Let x(t) = -t**2 + 3*t + 7. Let h be x(5). Let d be v(h). Calculate the greatest common factor of d and 38.
19
Let q = -84 - -100. Suppose 136 = q*k - 12*k. What is the highest common factor of 85 and k?
17
Suppose -10*y = -3*y - 504. Suppose 0 = -2*o + 4*o - y. Calculate the greatest common factor of o and 24.
12
Suppose 0 = 5*u - 104 + 14. What is the greatest common factor of 486 and u?
18
Let c(g) = -174*g**3 + g**2 - g - 1. Let k be c(-1). Suppose -315*r + 320*r = -4*q + 85, 131 = 5*q - 2*r. What is the greatest common factor of k and q?
25
Let x(o) = -35*o + 6. Let r be x(-6). Calculate the greatest common divisor of 8 and r.
8
Let g be 2/4 + (-3310)/20. Let d = g - -257. What is the greatest common divisor of d and 23?
23
Let f(a) = -18*a**3 + 5*a**2 + 9*a + 2. Let y be f(-1). Calculate the highest common divisor of y and 94.
2
Suppose 4 = -2*i + 6, 4*i = -4*k + 24. Suppose 0*m + 3*m - 2*r = 179, -3*r - 300 = -k*m. Calculate the highest common factor of 7 and m.
7
Let m be -2*(-90)/20*3. Suppose -c + 4 = -3*c. Let l be (c - (-3)/6)*-6. Calculate the highest common factor of l and m.
9
Let t = -274 - -1616. What is the highest common factor of 122 and t?
122
Suppose 35*x = 40*x - 40. Suppose -b + 22 + 2 = 0. What is the highest common factor of b and x?
8
Let s(p) = 2*p**2 - 86*p + 538. Let r be s(7). What is the greatest common divisor of 30 and r?
2
Let x(a) = -13*a**2 - 82*a + 3. Let g be x(-6). What is the highest common factor of 2781 and g?
27
Let f(y) = -y + 20. Let h be f(6). Suppose 2*u - g - h = 13, 5*g - 25 = 0. Calculate the greatest common factor of 8 and u.
8
Let x(h) = 3*h**2 - 1. Let a be x(-1). Let u be 30/4 - (11/a - 5). What is the greatest common divisor of 1 and u?
1
Suppose 21 = 3*x - 3*f, 3*x + 1 = 4*x + 2*f. Suppose -4*a + 30 = -2*a. Suppose 2*u = -5 + a. What is the highest common factor of u and x?
5
Suppose r - 296 = -f, 2*r - 2*f = f + 607. What is the highest common divisor of r and 46?
23
Let j be (-7)/(-21) + 5/3. Let m be (-40)/7 - j/7. Let h(v) = v**2 + 4*v + 5. Let z be h(m). What is the greatest common factor of z and 68?
17
Let b(q) = 4*q**2 - 44*q + 6. Let h be b(13). Let j = h + -96. Let f(z) = z**2 + z + 1. Let g be f(-3). Calculate the highest common factor of j and g.
7
Let y(t) = -2*t - 8. Let o(d) = 3*d + 11. Let i(h) = -5*o(h) - 7*y(h). Let u be i(-9). Calculate the greatest common divisor of u and 2.
2
Let p(o) = o**3 - 12*o**2 + 13*o - 20. Let k be p(11). Let a be (900/21)/k - 12/28. What is the highest common divisor of a and 105?
21
Let u(v) = v**2 + 2*v + 19. Let k be u(5). What is the greatest common factor of 30 and k?
6
Let z = 72 + -42. Let v be 4/(-8)*0/1. Suppose v = -w - r + 7 + 26, 0 = -3*r + 9. Calculate the greatest common factor of w and z.
30
Let w be 306/(-18) - (-2 + 0 + 3). Let b = w + 54. Calculate the greatest common divisor of b and 84.
12
Let k(x) = x**3 - x**2 + x + 10. Let c be k(0). Let v = 32 + -154. Let n be v/(-3) + 12/(-18). What is the highest common factor of n and c?
10
Let z(n) = 7*n**3 - 2*n**2 + 2*n - 1. Let q be z(1). Let y be (0 - q)/(2*6/(-660)). Calculate the greatest common divisor of 30 and y.
30
Let k(t) = -t**3 - 27*t**2 - 52*t - 19. Let w be k(-25). Calculate the highest common factor of 341 and w.
31
Suppose c + 3*c + 12 = 0, -c = 5*k - 22. Suppose -k*a = 3*a - 264. Let q = a - 22. Calculate the highest common divisor of 44 and q.
11
Suppose 135 = -4*r + 471. What is the greatest common divisor of 300 and r?
12
Let c = -121 - -129. Let u(a) = 3*a + 1. Let v be u(c). Calculate the highest common factor of v and 10.
5
Let k be (-1 + -17)*(-10)/3. Let t(w) = -2*w + 2. Let h be t(-4). What is the highest common divisor of h and k?
10
Let a(w) = -w**2 - 39*w - 210. Let l be a(-15). Let r = -58 + 158. What is the greatest common divisor of l and r?
50
Suppose -241 = -2*d + 3*b, -5*d + 660 = -10*b + 14*b. Suppose 2*r - 6 = 0, 2*a = 4*a - 4*r - 84. Calculate the highest common factor of d and a.
16
Let f(u) = 4*u - 1 - 5*u + 2. Let i be f(-3). Suppose -5 = p + 4*p, 3*w - 364 = i*p. What is the highest common factor of w and 15?
15
Let o = -20 + 20. Suppose o = 4*u + 4*f - 608, 6*f - f - 606 = -4*u. What is the highest common divisor of u and 14?
14
Let c be -2 +